site?
True
Suppose 2*j - 11*j - 135 = 0. Let k be 1/(5/j*3). Is (-2 - (0 + k))*11791/(-13) prime?
True
Let b(p) = -p + 8. Let y be b(5). Suppose -4*r + 1031 = -r + 5*k, 0 = r + y*k - 349. Is r composite?
False
Suppose -46*o = -365*o + 91478813 + 102301884. Is o a composite number?
True
Suppose p - 6*p = 33090. Let h = 9559 + p. Is h a prime number?
False
Suppose -446*k = -413*k - 3686793. Is k prime?
True
Let l = 475958 - 207489. Is l a composite number?
True
Let y = -639 + -537. Let m = 1004 + 255. Let a = m - y. Is a a prime number?
False
Suppose -t + v - 4701 = 0, 5*t = -v - 9359 - 14164. Let o = 12097 + t. Is o a composite number?
False
Suppose 0 = 2*v - 2*i + 8422, 0 = -i - i - 10. Let q = 14111 + v. Is q a prime number?
False
Suppose -20*l = -38*l - 29178. Let k be (-477)/(-2 - (-111)/60). Let g = l + k. Is g prime?
True
Suppose 62*x - 57*x - 4*q = 939309, 0 = 3*x - 3*q - 563586. Is x a prime number?
True
Let l(d) = 564*d**3 - 4*d**2 + d + 1. Suppose 4*z + 5*y - 3 = 0, 2*z - 3*y - 5 = z. Is l(z) prime?
False
Let o be -3 + (1 - (-6 + 4)). Suppose 2*j - 2419 + 873 = o. Suppose p + 132 = j. Is p composite?
False
Suppose 4*j - 16820 - 28028 = 3*a, -3*a = 4*j - 44824. Let k = 2041 - 1086. Suppose k = -6*i + j. Is i prime?
True
Suppose -10751253 = -40*t + 6736387. Is t a composite number?
False
Let k = -313177 - -711116. Is k prime?
True
Let r(p) = 383*p**2 + 542*p + 159. Is r(16) composite?
True
Suppose -6*y = 3257 + 1615. Let a = y - -1447. Is a prime?
False
Suppose 3*j + a = -2*j + 15, 4*j - 12 = -3*a. Suppose 4916 - 15653 = -j*r. Is r prime?
False
Let k(x) = 154*x + 9. Let w(l) be the third derivative of -155*l**4/24 - 4*l**3/3 + 6*l**2. Let h(a) = 4*k(a) + 3*w(a). Is h(11) a composite number?
True
Let r = -11150 - -17184. Let t = r - -1009. Is t a prime number?
True
Let s be (1 - 2)*-1 + (-5 - 10). Let t be (-9276)/s + (-12)/(-28). Suppose 2*i - 3*d - 1175 = 0, 2*i + 3*d - 518 - t = 0. Is i composite?
True
Let i(t) be the second derivative of 37/6*t**3 + 0 - 4*t - 7/2*t**2. Is i(2) composite?
False
Suppose 26*i + 32*i = 11*i + 5413883. Is i composite?
True
Suppose 0 = -4*x + 4*p + 733349 + 329091, -5*x - p + 1328008 = 0. Is x a composite number?
True
Suppose 0 = -3*i - 2*i + 4*i. Suppose 60*p - 59*p - 5 = i. Suppose -n + 0*b + 326 = 3*b, 4*n - p*b = 1253. Is n a prime number?
True
Let u = 61 + -56. Suppose -2*c + 4*g + 32212 = 3*c, -u*g - 12878 = -2*c. Suppose 13308 = 12*l - c. Is l prime?
False
Suppose -2293 = -7*w + 9852. Is w a prime number?
False
Let l(i) = -2*i**2 + 3*i - 12. Let y be l(12). Let c = 499 + y. Suppose -7971 = -4*r - c. Is r composite?
True
Let v(f) = 798*f**2 - 35*f + 505. Is v(12) prime?
True
Let h(o) = -9 - 18 + 19 - 7 + 627*o. Let w be h(11). Suppose -52*t + w = -46*t. Is t prime?
False
Let z = 822 - 388. Suppose -4*y = w + 430, -w + z = -0*y - 4*y. Let q = -25 - y. Is q prime?
True
Is (-6 + 3 + 4)/(-6*(-4)/7331064) prime?
False
Suppose 3*f = 7*u - 2*u - 15, -u = -f - 3. Let z be 4716/(-24)*26/u. Let d = -966 - z. Is d prime?
False
Suppose -48 = -3*i - 5*y, 4*i - 11*y + 8*y = 64. Is (-11)/((-22)/i) + 7055 composite?
True
Let t(k) = 2*k + 3. Let o be t(15). Is (-8)/(-6) + -2 - (-73843)/o prime?
True
Let q = -121 - -121. Is (q - 3)*32998/(-42) composite?
False
Let b = 47958 - 23701. Is b prime?
False
Let v = -40 + 37. Is (v + 12/2)*43 a composite number?
True
Suppose -44005 = 5*h - 5*l, l - 41924 + 15519 = 3*h. Let w = -2116 - h. Is w prime?
False
Let t = 7 + -5. Suppose 2*u = 2*z - 4*u - 189636, 0 = z - 4*u - 94820. Is z/44 - (72/(-33) + t) prime?
False
Suppose 6*h + 88890 = 21*h. Suppose 1070 = -4*m + h. Is m composite?
True
Let x(i) = 3548*i - 2019. Is x(16) prime?
False
Let s(n) = 90*n**2 - 3*n - 2. Let f be s(-4). Suppose 0 = u - 4009 + f. Suppose 129*r = 132*r - u. Is r composite?
False
Is -18 + 9 + 124263 + 11 + -6 prime?
False
Suppose 2*h = 470 - 180. Let m = 302 - h. Is m a prime number?
True
Suppose 324 = 12*c - 12. Is c/(-35)*-5 + 7037 a composite number?
True
Let r = -864 + 2675. Is r prime?
True
Let n(j) be the first derivative of -j**5/5 - 7*j**4/12 - 5*j**3/6 - j**2/2 - 14*j - 11. Let x(l) be the first derivative of n(l). Is x(-4) prime?
True
Suppose 5*w - 213075 = 2*q, 126*w + 5*q = 123*w + 127876. Is w composite?
True
Let b(j) = -435*j - 46. Suppose 0*m - 13*m - 143 = 0. Is b(m) a prime number?
False
Let c = -363 - 152. Let f(w) = 50*w**2 - 4*w - 6. Let q be f(5). Let v = q + c. Is v prime?
True
Let x(l) be the first derivative of -585*l**2/2 + 173*l + 91. Is x(-16) prime?
True
Let c = 431 + -429. Suppose 4*f - 5*v = 8165, -c*v - 1 = -7. Is f prime?
False
Let h = 726372 - 449633. Is h prime?
True
Is 5/2 - 33954528/(-192) composite?
False
Let p(s) = 478*s**2 - 40*s - 41. Is p(16) prime?
True
Is (2/3)/(240/47361960) composite?
False
Suppose -3*n = 4*m + 44386 - 118062, 5*m - 4*n - 92095 = 0. Suppose 0 = -5*d + 4*j + m, -4*d = -4*j - 6034 - 8702. Is d prime?
False
Is 1/(((-221)/(-7705097))/13) composite?
True
Let g = 1054 + -1067. Let u(w) = -10 + 4*w**2 - w + 8*w**2 + 10*w. Is u(g) composite?
False
Let d(n) = -14*n - 98. Let a be d(-7). Suppose a = 18*i - 409200 - 301782. Is i a composite number?
False
Suppose -2*r - 22*x + 21*x = -79719, 0 = -3*x + 15. Is r composite?
False
Is 43799*((-10 - -18) + -7) prime?
False
Suppose -80*q - 20568 = -76*q. Let h be ((-2)/(-4))/((-1)/6818). Let s = h - q. Is s a prime number?
True
Is ((-12)/30)/(-1) + -4 + 10321612/20 a prime number?
True
Let o = 35872 - 23271. Is o composite?
False
Let c be 1/(5/450)*(-4)/10. Suppose 300 = 5*t + 2065. Let a = c - t. Is a composite?
False
Let l be 2*(-1)/(-2 - -3). Let r(f) = -130*f - 27. Is r(l) composite?
False
Let d(w) = 9*w**2 - 24*w + 16. Let g be d(-13). Is 6 + (-1 - -7) + g a prime number?
True
Suppose 11*t + 3408 = 17*t. Let x = t + 175. Is x a composite number?
False
Suppose -2*o - 824*f = -821*f - 1082344, 4*f - 2705881 = -5*o. Is o a prime number?
True
Let i be (1480/(-16) - -1)*-2674*1. Suppose 0 = -16*g + 173553 + i. Is g prime?
False
Suppose -4*y = 155 + 25. Let z be (-1052)/(-36) - (-10)/y. Let j = 122 - z. Is j a composite number?
True
Let f = -1 + 0. Is ((4 - 7036) + -1)/f a prime number?
False
Let r(i) = -7026*i - 159. Let f(g) = 439*g + 10. Let u(a) = -33*f(a) - 2*r(a). Is u(-3) prime?
False
Suppose 2*w + 10 = 2*g - 6*g, 2*w - 4 = 3*g. Is (-76 + 675)/(1*w/(-23)) a prime number?
False
Suppose -10*m = -4*m - 208812. Let d be (-2)/14 - m*(-4)/(-56). Is (-1)/2*(-2 + d)/4 a prime number?
True
Suppose -3*q - 3*r = -4722 + 132, 5*q - 7668 = 4*r. Suppose -p = -h + q, 2*h - 4*p = -0*p + 3074. Is h a prime number?
False
Let q = 1406 + -1404. Let c be 5768/6 + (-2)/(-3). Suppose q*m - 300 = c. Is m a prime number?
True
Suppose 1569516 = 3*a - 12*t + 14*t, 9 = -3*t. Is a prime?
False
Let j be (-3 + (7 - (-10)/(-2)))*-2129. Suppose 173 = b - j. Is b a composite number?
True
Suppose 17*m - 514828 = 1059763. Is m a composite number?
False
Let x(a) = a**3 + 38*a**2 - 36*a + 115. Let d be x(-39). Is 14/(-21)*(7445/d + -2) composite?
True
Let k(x) = -4*x**3 - 5*x. Let l be k(-2). Let i = l + -37. Suppose -i*c + c - 1164 = -4*d, 0 = 5*d + 2*c - 1469. Is d composite?
False
Suppose 0 = 3*n - 4*s - 165435, -26*n + 25*n = -5*s - 55134. Suppose -1504 = 5*o - n. Is o composite?
False
Suppose 42*g = -3*g + 225. Suppose -82891 = -4*r + t - 12802, -4*r + 70109 = -g*t. Is r a prime number?
False
Let p(o) = -o**3 - 3*o**2 + 15*o + 2. Let y be p(-6). Let v be 68/y - 2/5. Suppose -5052 = -4*a - 4*z, v*z = 3*a + 5*z - 3788. Is a a prime number?
False
Suppose -3*w + 5*w + 2 = 0. Let l(a) = -1749*a**2 - 1. Let x be l(w). Is (-20)/(-10)*(1 - x/4) a prime number?
True
Let u be (-125)/(-3) + 6*(-1)/(-18). Let q = u + -42. Suppose q = 2*f + 5*x - 1331, x = -2*f + 1648 - 305. Is f composite?
False
Let t be 2/((-8)/(-68)) - 1. Suppose 21*b - t*b = 0. Suppose 4*h = -3*o + 5*o - 134, b = -h + 5. Is o a prime number?
False
Suppose -4*z = -2*o - 8, 15 = -4*o - 1. Is (z + -2878 - 0/(-1))*-1 a composite number?
True
Suppose 5*f = -3*o + 120, 2*f + 2*f = -3*o + 120. Suppose o*z - 44*z = 96. Is ((-66)/z)/(3/444 + 0) composite?
True
Suppose -3*a = 13*a + a - 20791. Is a a prime number?
True
Suppose 5*u - 8588701 = 3*t, -66*u + 65*u + 1717731 = 4*t. Is u a c